{"id":4260,"date":"2023-04-26T15:29:07","date_gmt":"2023-04-26T15:29:07","guid":{"rendered":"https:\/\/bloch1995.pl\/sklep\/?post_type=product&#038;p=4260"},"modified":"2025-10-18T17:31:33","modified_gmt":"2025-10-18T17:31:33","slug":"bloch-x-hyzy-bh-07-czarne-polysk","status":"publish","type":"product","link":"https:\/\/bloch1995.pl\/sklep\/sklep\/damskie-przeciwsloneczne-pl\/bloch-x-hyzy-bh-07-czarne-polysk\/","title":{"rendered":"BLOCH x HY\u017bY BH-07 CZARNE PO\u0141YSK"},"content":{"rendered":"<h2><strong>BLOCH x HY\u017bY BH-07 CZARNE PO\u0141YSK<\/strong><\/h2>\n<p>Okulary BLOCH x HY\u017bY BH-07, w kolorze g\u0142\u0119bokiej czerni z po\u0142yskiem, to prawdziwe arcydzie\u0142o w\u015br\u00f3d akcesori\u00f3w.<\/p>\n<p>Klasyczna czer\u0144 od wiek\u00f3w by\u0142a symbolem elegancji, presti\u017cu i klasy, pozostaj\u0105c sta\u0142ym punktem w \u015bwiecie mody. Jednak klasyczna czer\u0144 wcale nie oznacza monotonii czy przewidywalno\u015bci. Wr\u0119cz przeciwnie, jest to barwa pe\u0142na g\u0142\u0119bi, tajemniczo\u015bci i niesko\u0144czonych mo\u017cliwo\u015bci.<\/p>\n<p>Cho\u0107 czer\u0144 kojarzona jest z prostot\u0105, to w\u0142a\u015bnie w tej prostocie kryje si\u0119 jej geniusz. Dzi\u0119ki swojej uniwersalno\u015bci i elastyczno\u015bci, czer\u0144 potrafi zaakcentowa\u0107 detale, kt\u00f3re w innych kolorach mog\u0142yby pozosta\u0107 niezauwa\u017cone.<\/p>\n<p>Dodajmy do tego delikatne linie, subtelne krzywizny oraz doskona\u0142\u0105 jako\u015b\u0107 wykonania okular\u00f3w BLOCH x HY\u017bY BH-07, a otrzymamy wyj\u0105tkowy &#8211; acz klasyczny &#8211; dodatek, dope\u0142niaj\u0105cy ka\u017cdy look.<\/p>\n<p>Model dost\u0119pny tak\u017ce w innych wariantach kolorystycznych: Bia\u0142y, Havana, Zielone.<\/p>\n","protected":false},"excerpt":{"rendered":"<p>Okulary przeciws\u0142oneczne z kolekcji Agnieszki i Grzegorza Hy\u017cy marki BLOCH x HY\u017bY<\/p>\n","protected":false},"featured_media":4462,"template":"","meta":[],"product_brand":[],"product_cat":[55,59],"product_tag":[],"class_list":{"0":"post-4260","1":"product","2":"type-product","3":"status-publish","4":"has-post-thumbnail","6":"product_cat-damskie-przeciwsloneczne-pl","7":"product_cat-bloch-x-hyzy-pl","9":"first","10":"instock","11":"taxable","12":"shipping-taxable","13":"purchasable","14":"product-type-simple"},"_links":{"self":[{"href":"https:\/\/bloch1995.pl\/sklep\/wp-json\/wp\/v2\/product\/4260","targetHints":{"allow":["GET"]}}],"collection":[{"href":"https:\/\/bloch1995.pl\/sklep\/wp-json\/wp\/v2\/product"}],"about":[{"href":"https:\/\/bloch1995.pl\/sklep\/wp-json\/wp\/v2\/types\/product"}],"wp:featuredmedia":[{"embeddable":true,"href":"https:\/\/bloch1995.pl\/sklep\/wp-json\/wp\/v2\/media\/4462"}],"wp:attachment":[{"href":"https:\/\/bloch1995.pl\/sklep\/wp-json\/wp\/v2\/media?parent=4260"}],"wp:term":[{"taxonomy":"product_brand","embeddable":true,"href":"https:\/\/bloch1995.pl\/sklep\/wp-json\/wp\/v2\/product_brand?post=4260"},{"taxonomy":"product_cat","embeddable":true,"href":"https:\/\/bloch1995.pl\/sklep\/wp-json\/wp\/v2\/product_cat?post=4260"},{"taxonomy":"product_tag","embeddable":true,"href":"https:\/\/bloch1995.pl\/sklep\/wp-json\/wp\/v2\/product_tag?post=4260"}],"curies":[{"name":"wp","href":"https:\/\/api.w.org\/{rel}","templated":true}]}}