{"id":4259,"date":"2023-04-26T15:23:24","date_gmt":"2023-04-26T15:23:24","guid":{"rendered":"https:\/\/bloch1995.pl\/sklep\/?post_type=product&#038;p=4259"},"modified":"2025-10-19T17:35:36","modified_gmt":"2025-10-19T17:35:36","slug":"bloch-x-hyzy-bh-06-niebieskie","status":"publish","type":"product","link":"https:\/\/bloch1995.pl\/sklep\/sklep\/damskie-przeciwsloneczne-pl\/bloch-x-hyzy-bh-06-niebieskie\/","title":{"rendered":"BLOCH x HY\u017bY BH-06 NIEBIESKIE"},"content":{"rendered":"<h2><strong>BLOCH x HY\u017bY BH-06 NIEBIESKIE<\/strong><\/h2>\n<p>BLOCH x HY\u017bY BH-06 NIEBIESKIE &#8211; to manifest klasy, stylu i niepowtarzalno\u015bci. Wybieraj\u0105c je, stawiasz na wyrafinowan\u0105 elegancj\u0119 z nowoczesnym akcentem.<\/p>\n<p>Delikatne, a jednocze\u015bnie wyraziste linie ramki p\u0142ynnie \u0142\u0105cz\u0105 tradycyjny design z nowoczesnymi elementami, nadaj\u0105c ca\u0142ej konstrukcji lekko\u015bci i \u015bwie\u017co\u015bci. Niebieski kolor podkre\u015bla nieprzeci\u0119tno\u015b\u0107 i wyrafinowany smak, jednocze\u015bnie harmonijnie komponuj\u0105c si\u0119 z r\u00f3\u017cnymi stylizacjami. Ka\u017cdy szczeg\u00f3\u0142, od jako\u015bci wykonania po kszta\u0142t soczewek, \u015bwiadczy o dba\u0142o\u015bci o detale i nieustaj\u0105cej ch\u0119ci tworzenia czego\u015b wyj\u0105tkowego.<\/p>\n<p>To w\u0142a\u015bnie tak nieprzeci\u0119tne okulary, staj\u0105 si\u0119 sercem ca\u0142ej stylizacji. Cz\u0119sto to one nadaj\u0105 ton ca\u0142o\u015bci, b\u0119d\u0105c punktem odniesienia i wyznacznikiem charakteru ca\u0142ego stroju.<\/p>\n<p>Model dost\u0119pny tak\u017ce w innych wariantach kolorystycznych: Czarne Po\u0142ysk, \u017b\u00f3\u0142te, Zielone.<\/p>\n","protected":false},"excerpt":{"rendered":"<p>Okulary przeciws\u0142oneczne z kolekcji Agnieszki i Grzegorza Hy\u017cy marki BLOCH x HY\u017bY<\/p>\n","protected":false},"featured_media":4464,"template":"","meta":[],"product_brand":[],"product_cat":[55,59],"product_tag":[],"class_list":{"0":"post-4259","1":"product","2":"type-product","3":"status-publish","4":"has-post-thumbnail","6":"product_cat-damskie-przeciwsloneczne-pl","7":"product_cat-bloch-x-hyzy-pl","9":"first","10":"instock","11":"taxable","12":"shipping-taxable","13":"purchasable","14":"product-type-simple"},"_links":{"self":[{"href":"https:\/\/bloch1995.pl\/sklep\/wp-json\/wp\/v2\/product\/4259","targetHints":{"allow":["GET"]}}],"collection":[{"href":"https:\/\/bloch1995.pl\/sklep\/wp-json\/wp\/v2\/product"}],"about":[{"href":"https:\/\/bloch1995.pl\/sklep\/wp-json\/wp\/v2\/types\/product"}],"wp:featuredmedia":[{"embeddable":true,"href":"https:\/\/bloch1995.pl\/sklep\/wp-json\/wp\/v2\/media\/4464"}],"wp:attachment":[{"href":"https:\/\/bloch1995.pl\/sklep\/wp-json\/wp\/v2\/media?parent=4259"}],"wp:term":[{"taxonomy":"product_brand","embeddable":true,"href":"https:\/\/bloch1995.pl\/sklep\/wp-json\/wp\/v2\/product_brand?post=4259"},{"taxonomy":"product_cat","embeddable":true,"href":"https:\/\/bloch1995.pl\/sklep\/wp-json\/wp\/v2\/product_cat?post=4259"},{"taxonomy":"product_tag","embeddable":true,"href":"https:\/\/bloch1995.pl\/sklep\/wp-json\/wp\/v2\/product_tag?post=4259"}],"curies":[{"name":"wp","href":"https:\/\/api.w.org\/{rel}","templated":true}]}}