{"id":4226,"date":"2023-04-26T10:36:22","date_gmt":"2023-04-26T10:36:22","guid":{"rendered":"https:\/\/bloch1995.pl\/sklep\/?post_type=product&#038;p=4226"},"modified":"2025-10-21T09:26:01","modified_gmt":"2025-10-21T09:26:01","slug":"bloch-x-hyzy-bh-13-niebieskie","status":"publish","type":"product","link":"https:\/\/bloch1995.pl\/sklep\/sklep\/bloch-x-hyzy-pl\/bloch-x-hyzy-bh-13-niebieskie\/","title":{"rendered":"BLOCH x HY\u017bY BH-13 NIEBIESKIE"},"content":{"rendered":"<h2><strong>BLOCH x HY\u017bY BH-13 NIEBIESKIE<\/strong><\/h2>\n<p>Okulary korekcyjne BLOCH x HY\u017bY BH-13 w odcieniu niebieskim, to nie tylko funkcjonalny dodatek, ale przede wszystkim manifest stylu i klasy. Po\u0142\u0105czenie tradycyjnych linii z nowoczesnymi rozwi\u0105zaniami wpisuje si\u0119 w najnowsze trendy, a jednocze\u015bnie nie traci na uniwersalno\u015bci.<\/p>\n<p>Wsp\u00f3\u0142czesna kobieta wie, jak wa\u017cne jest, by ka\u017cdy detal jej stylizacji by\u0142 przemy\u015blany. Okulary BH-13 to akcesorium, kt\u00f3re dope\u0142nia ka\u017cdy look, nadaj\u0105c mu wyrafinowanego charakteru. Niebieski kolor oprawki przyci\u0105ga wzrok, ale robi to w subtelny spos\u00f3b. Nie krzyczy, ale stanowczo wyra\u017ca pewno\u015b\u0107 siebie nosz\u0105cej je kobiety, kt\u00f3ra zna swoj\u0105 warto\u015b\u0107.<\/p>\n<p>Model dost\u0119pny tak\u017ce w innych wariantach kolorystycznych: Czarne, Br\u0105zowe Prze\u017aroczyste, Zielone.<\/p>\n","protected":false},"excerpt":{"rendered":"<p>Oprawa korekcyjna z kolekcji Agnieszki i Grzegorza Hy\u017cy marki BLOCH x HY\u017bY<\/p>\n","protected":false},"featured_media":4498,"template":"","meta":[],"product_brand":[],"product_cat":[59,54],"product_tag":[],"class_list":{"0":"post-4226","1":"product","2":"type-product","3":"status-publish","4":"has-post-thumbnail","6":"product_cat-bloch-x-hyzy-pl","7":"product_cat-damskie-korekcyjne-pl","9":"first","10":"instock","11":"taxable","12":"shipping-taxable","13":"purchasable","14":"product-type-simple"},"_links":{"self":[{"href":"https:\/\/bloch1995.pl\/sklep\/wp-json\/wp\/v2\/product\/4226","targetHints":{"allow":["GET"]}}],"collection":[{"href":"https:\/\/bloch1995.pl\/sklep\/wp-json\/wp\/v2\/product"}],"about":[{"href":"https:\/\/bloch1995.pl\/sklep\/wp-json\/wp\/v2\/types\/product"}],"wp:featuredmedia":[{"embeddable":true,"href":"https:\/\/bloch1995.pl\/sklep\/wp-json\/wp\/v2\/media\/4498"}],"wp:attachment":[{"href":"https:\/\/bloch1995.pl\/sklep\/wp-json\/wp\/v2\/media?parent=4226"}],"wp:term":[{"taxonomy":"product_brand","embeddable":true,"href":"https:\/\/bloch1995.pl\/sklep\/wp-json\/wp\/v2\/product_brand?post=4226"},{"taxonomy":"product_cat","embeddable":true,"href":"https:\/\/bloch1995.pl\/sklep\/wp-json\/wp\/v2\/product_cat?post=4226"},{"taxonomy":"product_tag","embeddable":true,"href":"https:\/\/bloch1995.pl\/sklep\/wp-json\/wp\/v2\/product_tag?post=4226"}],"curies":[{"name":"wp","href":"https:\/\/api.w.org\/{rel}","templated":true}]}}