{"id":4119,"date":"2023-03-13T14:06:44","date_gmt":"2023-03-13T14:06:44","guid":{"rendered":"https:\/\/bloch1995.pl\/sklep\/?post_type=product&#038;p=4119"},"modified":"2025-10-18T17:14:27","modified_gmt":"2025-10-18T17:14:27","slug":"bs-28-c2","status":"publish","type":"product","link":"https:\/\/bloch1995.pl\/sklep\/sklep\/bloch-pl\/bs-28-c2\/","title":{"rendered":"BLOCH BS-28 C2"},"content":{"rendered":"<h2><strong>BLOCH BS-28 C2<\/strong><\/h2>\n<p>Te niezwyk\u0142e okulary zosta\u0142y zaprojektowane z my\u015bl\u0105 o najnowszych trendach mody, \u0142\u0105cz\u0105c klasyczny, czarny design z nowoczesnym kszta\u0142tem opraw. Wyb\u00f3r idealny zar\u00f3wno dla pa\u0144 i pan\u00f3w, ceni\u0105cych sobie styl i jako\u015b\u0107.<\/p>\n<p>Okulary BLOCH BS-28 C2 to przede wszystkim doskona\u0142a ochrona Twoich oczu. Wyposa\u017cone w soczewki z polaryzacj\u0105, skutecznie eliminuj\u0105 odblaski i chroni\u0105 oczy przed szkodliwym promieniowaniem UV. Polaryzacja gwarantuje komfort, nawet w najbardziej intensywnym s\u0142o\u0144cu, zapewniaj\u0105c jasno\u015b\u0107 i kontrast widzenia na najwy\u017cszym poziomie.<\/p>\n<p>BLOCH BS-28 C2, to okulary wytrzyma\u0142e, a przy tym lekkie, idealnie dopasowuj\u0105 si\u0119 do kszta\u0142tu twarzy, gwarantuj\u0105c komfort noszenia przez ca\u0142y dzie\u0144. Eleganckie, subtelne i z charakterem &#8211; takie, jakie okulary przeciws\u0142oneczne by\u0107 powinny.<\/p>\n<p>Model dost\u0119pny r\u00f3wnie\u017c w wariancie prze\u017aroczystym.<\/p>\n","protected":false},"excerpt":{"rendered":"<p>Okulary przeciws\u0142oneczne marki BLOCH<\/p>\n","protected":false},"featured_media":4120,"template":"","meta":[],"product_brand":[],"product_cat":[15,55,53],"product_tag":[],"class_list":{"0":"post-4119","1":"product","2":"type-product","3":"status-publish","4":"has-post-thumbnail","6":"product_cat-bloch-pl","7":"product_cat-damskie-przeciwsloneczne-pl","8":"product_cat-meskie-przeciwsloneczne-pl","10":"first","11":"instock","12":"taxable","13":"shipping-taxable","14":"purchasable","15":"product-type-simple"},"_links":{"self":[{"href":"https:\/\/bloch1995.pl\/sklep\/wp-json\/wp\/v2\/product\/4119","targetHints":{"allow":["GET"]}}],"collection":[{"href":"https:\/\/bloch1995.pl\/sklep\/wp-json\/wp\/v2\/product"}],"about":[{"href":"https:\/\/bloch1995.pl\/sklep\/wp-json\/wp\/v2\/types\/product"}],"wp:featuredmedia":[{"embeddable":true,"href":"https:\/\/bloch1995.pl\/sklep\/wp-json\/wp\/v2\/media\/4120"}],"wp:attachment":[{"href":"https:\/\/bloch1995.pl\/sklep\/wp-json\/wp\/v2\/media?parent=4119"}],"wp:term":[{"taxonomy":"product_brand","embeddable":true,"href":"https:\/\/bloch1995.pl\/sklep\/wp-json\/wp\/v2\/product_brand?post=4119"},{"taxonomy":"product_cat","embeddable":true,"href":"https:\/\/bloch1995.pl\/sklep\/wp-json\/wp\/v2\/product_cat?post=4119"},{"taxonomy":"product_tag","embeddable":true,"href":"https:\/\/bloch1995.pl\/sklep\/wp-json\/wp\/v2\/product_tag?post=4119"}],"curies":[{"name":"wp","href":"https:\/\/api.w.org\/{rel}","templated":true}]}}